ighest common divisor of 30009539 and 357?
119
What is the greatest common factor of 410 and 4126322?
82
Calculate the greatest common divisor of 1489106 and 18019182.
9994
What is the highest common factor of 115 and 112472093?
23
Calculate the greatest common divisor of 37720 and 35379720.
1640
What is the greatest common factor of 65899988 and 594?
22
Calculate the greatest common divisor of 139934718 and 43197.
3927
Calculate the greatest common divisor of 19821982 and 146.
146
Calculate the highest common divisor of 269005 and 17699055.
3685
Calculate the highest common factor of 304697 and 291871.
53
What is the highest common factor of 7524 and 580041?
99
Calculate the highest common factor of 9291703 and 22021.
1159
What is the greatest common factor of 2923 and 7199349?
2923
Calculate the highest common divisor of 2524136 and 24.
8
Calculate the highest common factor of 876843 and 13617.
153
What is the greatest common divisor of 2689039200 and 5952?
2976
Calculate the highest common divisor of 656571 and 18.
3
Calculate the greatest common factor of 119280 and 95970.
210
What is the greatest common divisor of 136 and 14184239?
17
What is the greatest common factor of 364423269 and 23947?
2177
Calculate the greatest common factor of 1729749 and 1617.
147
Calculate the greatest common divisor of 57240 and 2204217.
477
Calculate the greatest common divisor of 319 and 14155130.
11
What is the greatest common factor of 12296 and 4347272?
424
What is the highest common divisor of 86 and 26886438?
86
Calculate the greatest common factor of 75006 and 143478.
54
Calculate the highest common factor of 72531470 and 370.
370
What is the highest common factor of 1836 and 23177052?
612
What is the highest common factor of 182838657 and 7329?
1047
Calculate the greatest common factor of 13 and 363879555.
13
Calculate the greatest common factor of 120 and 4321380.
60
Calculate the greatest common divisor of 42 and 1385345178.
42
Calculate the highest common divisor of 79 and 62583.
1
What is the highest common divisor of 10125 and 32333625?
1125
Calculate the highest common divisor of 30956172 and 312.
156
Calculate the greatest common factor of 2160 and 1603520.
80
Calculate the greatest common divisor of 49502344 and 1816.
1816
Calculate the greatest common divisor of 2074480 and 11712.
16
Calculate the highest common factor of 747224 and 66309.
713
Calculate the highest common divisor of 9437323 and 14.
7
Calculate the highest common divisor of 39680 and 296160.
160
Calculate the greatest common divisor of 409296 and 3552.
48
Calculate the greatest common factor of 31473 and 16524.
9
Calculate the highest common divisor of 37468252 and 56.
4
What is the greatest common divisor of 11887136 and 4960?
992
What is the highest common divisor of 122322 and 17400?
174
Calculate the greatest common divisor of 518245 and 125307.
1547
What is the highest common factor of 18083484 and 669288?
4236
Calculate the highest common factor of 1553352 and 885.
177
Calculate the greatest common factor of 5950 and 6480.
10
What is the greatest common factor of 269558 and 25546?
106
Calculate the greatest common factor of 404001 and 77117.
1151
Calculate the highest common factor of 278720 and 1440.
160
What is the highest common divisor of 806091 and 66?
33
What is the greatest common divisor of 2234 and 362018583?
1117
Calculate the highest common factor of 26059686 and 3504.
438
What is the greatest common divisor of 583235 and 18961?
67
What is the greatest common factor of 5498285 and 1157?
13
What is the highest common divisor of 5088648 and 1639?
149
Calculate the highest common factor of 12632 and 13388.
4
Calculate the highest common factor of 644 and 28305088.
644
What is the highest common divisor of 1296 and 2626425?
81
Calculate the greatest common factor of 1711 and 313169463.
1711
Calculate the greatest common divisor of 68986 and 43418.
34
What is the greatest common factor of 1088243 and 521666?
97
Calculate the greatest common divisor of 75603490 and 499.
499
What is the greatest common divisor of 86 and 13835422?
86
What is the greatest common divisor of 958187685 and 65?
65
What is the highest common factor of 3740208 and 6700?
268
Calculate the greatest common divisor of 915 and 4626545.
305
Calculate the highest common divisor of 568287 and 373167.
2439
What is the highest common factor of 9269 and 30308434?
299
What is the greatest common divisor of 13164 and 39262727?
1097
What is the highest common factor of 18259400 and 640?
40
What is the highest common divisor of 40585890 and 30?
30
What is the greatest common divisor of 609240 and 80490?
30
What is the greatest common divisor of 100983477 and 28?
7
Calculate the highest common factor of 87713412 and 1534.
118
Calculate the highest common divisor of 1288 and 69962228.
644
What is the greatest common divisor of 198826 and 31506?
178
What is the highest common factor of 1390464335 and 5345?
5345
Calculate the greatest common factor of 820 and 14092356.
164
Calculate the highest common divisor of 305682 and 130.
26
What is the greatest common factor of 49195099 and 20665?
4133
What is the greatest common factor of 3830 and 196862?
766
What is the greatest common factor of 5336 and 754584?
184
Calculate the highest common divisor of 4928 and 5417024.
64
What is the highest common factor of 37555 and 89030?
145
Calculate the highest common divisor of 53266724 and 252.
28
Calculate the greatest common divisor of 9809 and 295477.
17
Calculate the greatest common factor of 115 and 19350475.
115
What is the highest common factor of 11861 and 694073?
409
Calculate the greatest common divisor of 4107 and 111897953.
1369
What is the highest common factor of 774 and 205753839?
129
Calculate the highest common divisor of 39239040 and 50.
10
Calculate the greatest common divisor of 42155179 and 473.
473
Calculate the highest common divisor of 694145 and 545.
5
Calculate the highest common factor of 55439397 and 25428.
6357
What is the greatest common factor of 1280 and 4191069440?
1280
Calculate the greatest common divisor of 2745664 and 512.
64
What is the highest common divisor of 59 and 64945194?
59
Calculate the greatest common divisor of 58 and 924266.
2
Calculate the greatest common factor of 200 and 2069130200.
200
What is the greatest common divisor of 171 and 97048675?
19
Calculate the highest common factor of 143 and 890423963.
143
What is the highest common divisor of 5882 and 10592326?
34
What is the greatest common factor of 28665 and 678334293?
5733
Calculate the highest common divisor of 27 and 81374571.
27
What is the greatest common factor of 2106 and 6174954?
162
Calculate the highest common divisor of 798 and 537952016.
266
Calculate the greatest common divisor of 27459 and 231537.
339
Calculate the greatest common divisor of 3189082 and 8477.
173
What is the highest common divisor of 966176019 and 414?
207
What is the highest common divisor of 10731208 and 36?
4
Calculate the greatest common factor of 24 and 28675422.
6
Calculate the greatest common factor of 198 and 4919922.
18
Calculate the highest common factor of 664798888 and 208.
104
What is the highest common divisor of 22366000 and 16?
16
Calculate the highest common divisor of 39832 and 69940.
52
Calculate the highest common factor of 7726729 and 4559.
97
What is the greatest common factor of 2045 and 16081471?
409
What is the highest common divisor of 3856687 and 9042?
137
Calculate the greatest common factor of 167773 and 9648129.
2363
Calculate the highest common factor of 280 and 1786034040.
280
What is the greatest common divisor of 983840 and 249392?
2288
What is the greatest common factor of 344424 and 2015016?
2712
Calculate the highest common divisor of 374 and 7675250.
22
What is the greatest common factor of 153764210 and 455470?
12310
Calculate the highest common factor of 21447423 and 105.
3
Calculate the greatest common divisor of 94616 and 512.
8
What is the highest common divisor of 530640 and 2375120?
880
Calculate the highest common factor of 146004 and 1490216.
92
What is the highest common divisor of 412 and 4482869?
103
What is the greatest common factor of 440048830 and 650?
130
What is the greatest 